) = 35*r**2 + 1. Let z be i(q). What is the highest common factor of x and z?
18
Let p be (-2)/(-7) - 96/(-7). Suppose 27 = c - 1. Calculate the highest common divisor of p and c.
14
Let w(u) = 12*u - 10. Let h be w(10). Let f = 0 + 10. What is the greatest common factor of h and f?
10
Suppose -21*x = -17*x - 12. Let w(z) = -z**2 + 7*z - 3. Let o be w(4). Let h = o - x. Calculate the highest common factor of h and 36.
6
Let r(a) be the second derivative of a**5/20 + 3*a**4/4 - a**3/6 + 13*a**2/2 + 3*a. Let x be r(-9). Calculate the highest common divisor of x and 11.
11
Suppose -3*q + 81 = 9. Suppose -k + 4*b + 16 = 0, -2*k - 4*b = -k + 8. Suppose -k*i + q = -0*i. What is the highest common divisor of 15 and i?
3
Let f be 2 - 0 - 0/11. What is the greatest common factor of f and 4?
2
Let r(y) = y**2 - 3*y - 4. Let f be r(-6). Let p be ((-4)/(-2))/((-2)/(-26)). Suppose p = 2*t - 14. Calculate the highest common divisor of f and t.
10
Let t be (-6)/15 + 132/5. Let g = 114 - 49. What is the greatest common divisor of g and t?
13
Let t(j) = j**2 + 2*j - 3. Let c be t(5). Calculate the highest common factor of c and 8.
8
Suppose -2*q = -6, 2*q - 21 = -5*h - 0. Suppose 4*r - 2 = 2*l - l, 4*l - h*r - 57 = 0. What is the highest common divisor of l and 3?
3
Suppose 7*a - 5*a = -50. Suppose -d + 18 = -17. Let u = a + d. What is the greatest common factor of 110 and u?
10
Let f = 22 + -18. What is the highest common factor of 4 and f?
4
Let m = 13 - -1. Let s = m - 6. Suppose -41*t + 40*t = -40. What is the highest common divisor of s and t?
8
Suppose -3*a + 4*j + 234 = 34, -a + 84 = 3*j. Suppose 5*p = 10*p + 55. Let w = p - -19. What is the highest common factor of w and a?
8
Let a be (-1 - (-3 + 2)) + 6. Let k be -2*(-1)/(1/1). Let n be k/9 - 16/(-9). Calculate the greatest common divisor of n and a.
2
Let b(g) be the third derivative of -g**4/24 - 4*g**3/3 + 3*g**2. Let r be b(-10). Calculate the highest common divisor of r and 16.
2
Let f = 9 + 71. What is the greatest common divisor of f and 16?
16
Suppose 0 = -4*v - 4*c + 64, -3*c = 4*v - 2*c - 76. Let x = v + -14. What is the highest common factor of x and 54?
6
Suppose -2 + 14 = 4*b. Suppose -b*z = -4*z + 14. Calculate the greatest common factor of 21 and z.
7
Let d(s) = -s**3 + 6*s**2 - 4*s + 3. Let q(r) = -r**2 + 3*r - 3. Let n be q(3). Let k = 2 - n. Let h be d(k). Calculate the highest common factor of 20 and h.
4
Let b(s) = -s + 8. Let x be b(6). Suppose -27 = -2*j + 5*i + 18, 0 = -x*j + 3*i + 35. Let k be 4 + 5 + 49/(-7). Calculate the highest common factor of k and j.
2
Let l be (-1 + (-1)/(-2))*-4. Suppose l*c - 4 = c. Suppose -4*w + z + 38 = 0, -c*w + 42 = z - 0. Calculate the greatest common factor of w and 20.
10
Let i be -6 + 17 + 3/1. What is the greatest common divisor of 182 and i?
14
Let o = -21 + 25. Let n be 1*o - (-1 + 1). Calculate the greatest common factor of 4 and n.
4
Suppose -10*r = -0*r - 120. Let h = 227 + -95. Calculate the greatest common divisor of h and r.
12
Let s(z) = 3*z - 2. Let l be s(2). Suppose 0 = -4*v - 4*u - 24, 0 = -v - 5*u + u - 6. Let m = l - v. What is the highest common factor of 4 and m?
2
Let a(y) = -5*y + y + 4 + 5 - 3*y - y**2. Let w be a(-7). Calculate the highest common factor of 9 and w.
9
Let y = 26 + -5. Let f = -11 + y. Let r be f + -5 + (2 - 0). Calculate the highest common factor of r and 7.
7
Let j be (4 - 11)*(-24)/14. Let n be 6 - -4 - (2 + 0). Calculate the highest common divisor of j and n.
4
Let c be ((-6)/(-4))/((-18)/(-264)). Let y = -12 + c. What is the greatest common factor of 50 and y?
10
Let s be -1*3/6*-2. Let b be (s - (-2 - -2)) + 3. Suppose -3*z - 4*q + 100 = 0, -2*z + q = -q - 76. Calculate the highest common factor of b and z.
4
Let k(g) = g - 4. Let s be k(7). Suppose 23 = 2*f - s. Calculate the highest common divisor of f and 143.
13
Let w(y) = -13*y + 2. Let l be w(-2). Let b(z) = 7 - 6 + l*z**2 + 43*z**2. Let p be b(-1). What is the greatest common factor of p and 9?
9
Let d be ((-6)/2)/3*5. Let q(r) = -3*r - 7. Let j be q(d). Let k be (-99)/(-12) - (-6)/j. What is the greatest common divisor of k and 9?
9
Let g(t) = -t**3 - 2*t**2 + 3*t - 1. Let k be g(-4). Let n = -1 + 0. Let s be 172 + 4/(-2) - n. Calculate the greatest common divisor of s and k.
19
Suppose s + s = w + 13, -4*s - 49 = 3*w. Let c be ((-16)/(-12))/((-1)/w). Let m = -48 - -78. Calculate the highest common divisor of m and c.
10
Let z = -37 + 151. Calculate the highest common factor of z and 38.
38
Suppose -2*n + 5*d - 23 = 0, 4*d - 25 = -7*n + 2*n. Calculate the greatest common divisor of 1 and n.
1
Suppose 2*z + 160 = 10*z. Calculate the highest common divisor of 30 and z.
10
Suppose -3 = -4*k + 17. Suppose -71 = -3*t + k*u, 5*t - 2*u = 187 - 56. Let v = t + -19. Calculate the greatest common divisor of 24 and v.
8
Let k = -10 - 5. Let g = 23 + k. Calculate the greatest common factor of g and 56.
8
Let f(j) = j**2 - 7*j - 4. Let g be f(8). Suppose 72 - 8 = g*k. Let i = 8 - 4. What is the highest common divisor of i and k?
4
Suppose -q - 11 = u - 0*u, 2*q = -4*u - 34. Let f be 3*u/(-9)*50. What is the greatest common factor of f and 40?
20
Let h be -14 + 2 + 0 + -1. Let s = 24 + h. Calculate the greatest common divisor of s and 44.
11
Let w(s) = -10*s + 2. Let g be w(3). Let f = -18 - g. Suppose -90 = 2*r - 5*r. What is the highest common divisor of f and r?
10
Let f = -2 - -3. Let r(c) = 3*c**2 + f + 2*c**3 - 5 - c + 2. Let d be r(2). Calculate the greatest common factor of d and 36.
12
Let b be -2 + -2 + (-3 - -11). Let y be (1 + -2)/1 + 29. Calculate the highest common divisor of b and y.
4
Let d = -24 - -132. What is the greatest common factor of 27 and d?
27
Let i be (2/(-4))/(3/54). Let c be (-6)/(-27) - 7/i. Let o be c/(-1 - 0) - -2. What is the highest common divisor of 9 and o?
1
Let d = -226 + 316. Let u be d/(-25) - (-4)/(-10). Let m = 6 + u. Calculate the highest common factor of m and 18.
2
Let f(c) = 3*c**3 + 4 - 7*c**3 + 2*c**3 + 6*c + 3*c**3 + 7*c**2. Let w be f(-6). Suppose -x = -12 - 20. Calculate the highest common divisor of w and x.
4
Suppose 0 = -2*v + 8, 5*p + v - 2*v = 1996. Suppose 0*u + p = 5*u. Calculate the highest common divisor of u and 32.
16
Let x = 0 - 0. Let b be x/1 + 3*1. Let c(a) = 2*a + 47. Let i be c(-23). Calculate the highest common factor of b and i.
1
Let f be 2 - (-6)/(-1 - 2). Suppose -d - 4*k + 5 = f, -k - 11 = -2*d + 8. Let z be 26 - ((-2)/2 + 0). Calculate the greatest common factor of z and d.
9
Suppose -2*l = -8, -4*j + 5*l + 35 + 9 = 0. Let h = 28 - j. What is the highest common factor of 108 and h?
12
Let m(a) = 10*a**2 + a - 5. Let y be m(-5). Suppose 3*h - 2*u = 180, -5*u = -4*h - 4*u + y. What is the greatest common factor of h and 24?
12
Let k be -33 - (0 + (-4)/(-2)). Let p = k - -65. Suppose 2*j - 24 = j + 2*z, 2*j - 44 = 2*z. Calculate the highest common divisor of j and p.
10
Let n be -1 + (-1 - -3) + -2. Let g be n/(-4) + 8/(-32). Suppose -5*c + y - 5*y + 141 = 0, -5*c + y + 121 = g. What is the greatest common factor of 175 and c?
25
Let p = -26 + -15. Let h = -16 - p. Let c = h - -1. Calculate the highest common factor of c and 39.
13
Suppose 4*j + 21 = -s + 2*s, -s = -1. Let x(l) = l**2 + 3*l - 7. Let y be x(j). Calculate the highest common divisor of 21 and y.
3
Let k be (-4 + 1)/(6/4). Let z be (2 - 2)/((-4)/k). Suppose f = -z*f + 3. What is the highest common divisor of 12 and f?
3
Suppose -3*q - 88 = -7*q. What is the greatest common factor of q and 77?
11
Let u(l) be the first derivative of 7*l**4/4 + l**3/3 - l**2/2 - 2*l - 1. Let y be u(2). Let a = y - 14. Calculate the greatest common divisor of 6 and a.
6
Let r be 2*1 + -29 + 54. What is the greatest common divisor of r and 6?
3
Let z = 11 + -8. Suppose n + s - 31 = -4*n, 5*n - 28 = 2*s. Calculate the highest common divisor of n and z.
3
Suppose 3*g + 5*u - 190 = 0, 0 = 4*g + 3*u - 114 - 143. Calculate the greatest common divisor of 26 and g.
13
Let n(z) = -z**2 - 1. Let r(k) = -3*k**2 + 11*k + 1. Let w(q) = 4*n(q) - r(q). Let s be w(-7). What is the greatest common factor of 161 and s?
23
Let z(i) = -21*i + 2. Let k be z(-2). Calculate the greatest common factor of k and 110.
22
Let n = -13 - -29. What is the highest comm